is 3b8d + -1c1?
39ac
In base 2, what is 100100 - 101111111001001001011000?
-101111111001001000110100
In base 3, what is -1 - 1201100210020?
-1201100210021
In base 7, what is 40001350 - -4?
40001354
In base 4, what is -313122012213 - -1?
-313122012212
In base 13, what is 0 - 1aa66b31?
-1aa66b31
In base 12, what is -4 + -6bb322?
-6bb326
In base 3, what is -1 + -11022101121011?
-11022101121012
In base 7, what is 15115 + 13611?
32026
In base 8, what is -115 - 6432374?
-6432511
In base 10, what is -41781 - 181?
-41962
In base 15, what is -8bad + 2c4?
-88d9
In base 7, what is 4441445253 - -3?
4441445256
In base 4, what is -1 - 12112113001?
-12112113002
In base 16, what is 25 - -71f89?
71fae
In base 9, what is -744 + -51436?
-52281
In base 15, what is 285ee + -c6?
28528
In base 3, what is 1002 + -1002101022102001?
-1002101022100222
In base 8, what is -2072454 + 127?
-2072325
In base 6, what is -2 + -31503533202?
-31503533204
In base 8, what is 315 - 603345?
-603030
In base 8, what is -421 - 237075?
-237516
In base 16, what is 3a48 - -65f?
40a7
In base 3, what is -10012222112022 + 0?
-10012222112022
In base 4, what is -110 - -10123220011?
10123213301
In base 4, what is 2001303 - 3213101?
-1211132
In base 6, what is -24214153 - 53?
-24214250
In base 2, what is 1110000000001010 - 1001011?
1101111110111111
In base 8, what is -51 + 170673?
170622
In base 11, what is -153030 + 71?
-152a6a
In base 3, what is -1112120101001 + 2211?
-1112120021020
In base 8, what is -47522 - -5747?
-41553
In base 10, what is -51 + -1435437?
-1435488
In base 4, what is -1232120013010 + 32?
-1232120012312
In base 6, what is -513 + -400543?
-401500
In base 5, what is -1043432110 - -2?
-1043432103
In base 3, what is 1111202101111 - -1102?
1111202102220
In base 16, what is -4236 + -2639?
-686f
In base 10, what is -4 - 19677830?
-19677834
In base 15, what is 8 - -195b90?
195b98
In base 2, what is 1000011011001010010111000 - -100?
1000011011001010010111100
In base 7, what is -145341000 - 24?
-145341024
In base 2, what is 100100 + -100010110011110101?
-100010110011010001
In base 8, what is -275777611 + 31?
-275777560
In base 2, what is -110110100 - -1001010100000011?
1001001101001111
In base 5, what is 100 + 1331221?
1331321
In base 3, what is 20221 + 1200012120202?
1200012211200
In base 16, what is -518d33 + e?
-518d25
In base 3, what is -102020012011 + -210202?
-102020222220
In base 5, what is -213234 - 124404?
-343143
In base 7, what is 3 + 4411200?
4411203
In base 11, what is 32639 - -460?
32a99
In base 8, what is 14333 + 1065?
15420
In base 5, what is 134234322 - 13?
134234304
In base 2, what is 11101001011111 - 11011010010000?
1111001111
In base 9, what is 5315613 + -63?
5315540
In base 6, what is 12241253531 + 13?
12241253544
In base 13, what is -321758 + -1?
-321759
In base 9, what is -1547116 + -6?
-1547123
In base 12, what is 2b - -1824901?
1824930
In base 11, what is -8606597 + 1?
-8606596
In base 5, what is 4013 + 442014144?
442023212
In base 14, what is 55 + 44311?
44366
In base 2, what is -100110010000 + 1010111110?
-11011010010
In base 8, what is -430370 - 152?
-430542
In base 5, what is -4312231120 + -1?
-4312231121
In base 13, what is -5327b99 + 14?
-5327b85
In base 15, what is d402 - -12c?
d52e
In base 10, what is 17 + -4193219?
-4193202
In base 13, what is b63 - 456?
70a
In base 14, what is 2a7119a + -3?
2a71197
In base 15, what is -d2e9 - -374?
-ce75
In base 2, what is -100011010110000111 - -10011?
-100011010101110100
In base 6, what is 1102552012 + -5?
1102552003
In base 9, what is 2 - -40606420?
40606422
In base 5, what is 121230 - 3244214?
-3122434
In base 6, what is -1521541 + 415?
-1521122
In base 10, what is -4 + 3189339?
3189335
In base 4, what is -11 - 10100100331?
-10100101002
In base 6, what is -1 - 130410455?
-130410500
In base 2, what is 1 + 1100001000011000101101000100?
1100001000011000101101000101
In base 2, what is -10100001100000011011 - -101111111?
-10100001011010011100
In base 13, what is 3 - -1a596688?
1a59668b
In base 15, what is 150c + 12d1?
27dd
In base 6, what is -1205 + 250152?
244543
In base 16, what is 9 - 12097c?
-120973
In base 10, what is 87 - 130118?
-130031
In base 4, what is -2130 + -210022011?
-210030201
In base 11, what is -a7 + -11511?
-11608
In base 13, what is 555 + 461b9?
46741
In base 7, what is -1202 - 102334?
-103536
In base 5, what is 12 + 321311301?
321311313
In base 11, what is 26a9759 - -a?
26a9768
In base 11, what is 497a37 + 1?
497a38
In base 6, what is 10200525000 - 4?
10200524552
In base 4, what is -2331201212 - 2320?
-2331210132
In base 10, what is -816877 - -6?
-816871
In base 2, what is -10100111110100110001110110 + 101?
-10100111110100110001110001
In base 3, what is -101 - -22100010010?
22100002202
In base 6, what is -13 - 41232201513?
-41232201530
In base 10, what is -246610 + 706?
-245904
In base 7, what is 450044551 - 0?
450044551
In base 7, what is -126 - 12356255?
-12356414
In base 2, what is -101 + -1011001000001111001?
-1011001000001111110
In base 10, what is -8 - 407072?
-407080
In base 4, what is 3233000033303 - 10?
3233000033233
In base 6, what is 20030 - -5142532?
5203002
In base 9, what is 156 + -2120805?
-2120638
In base 10, what is 4 + -3179977?
-3179973
In base 10, what is 7986 + 13284?
21270
In base 16, what is -236cbbd - -2?
-236cbbb
In base 9, what is -2 - 3832733?
-3832735
In base 2, what is -10000001 + 11000110010110110?
11000110000110101
In base 4, what is -203223310013 - 20?
-203223310033
In base 10, what is 397286059 + -3?
397286056
In base 8, what is 0 - 15543577?
-15543577
In base 15, what is 7dd0a7 - -19?
7dd0c1
In base 3, what is -10201102110221 - 102011?
-10201102220002
In base 10, what is -3 - -3459605?
3459602
In base 13, what is 9 - -1a4443?
1a444c
In base 16, what is abb29 - -6?
abb2f
In base 14, what is 6 + -484c69?
-484c63
In base 2, what is 100100110 - -101110111100000?
101111100000110
In base 13, what is -3095711 + 4?
-309570a
In base 6, what is 414344 - -14452?
433240
In base 2, what is 101100100 - 11100111011101101?
-11100110110001001
In base 16, what is -1ae + 1f713?
1f565
In base 16, what is 180b7 + -4cc?
17beb
In base 9, what is 232878 - -3025?
236014
In base 6, what is -5 - 2501251024?
-2501251033
In base 11, what is -33649 + 12a14?
-20735
In base 3, what is 21112021210010 + -1?
21112021210002
In base 11, what is -22406 + 14695?
-8821
In base 6, what is 13022323 + 1025?
13023352
In base 12, what is -361190 - 5?
-361195
In base 6, what is -1515411403 - -4?
-1515411355
In base 2, what is -10010011110101011101001 - 1?
-10010011110101011101010
In base 15, what is 13c0e42 - 1?
13c0e41
In base 8, what is 416 + 6177656?
6200274
In base 12, what is -25aa9b4 - 2?
-25aa9b6
In base 2, what is 10000100 + 101011010?
111011110
In base 7, what is -61163 + -1161?
-62354
In base 3, what is -102020102202 + 1202?
-102020101000
In base 7, what is 51 - 254133?
-254052
In base 9, what is 110745 - -1?
110746
In base 9, what is -16 + -21565371?
-21565387
In base 15, what is 5 + 1825c1b?
1825c21
In base 7, what is 226661 + -134?
226524
In base 2, what is 11011110100011000 - -10111011?
11011110111010011
In base 10, what is -3 - -230778425?
230778422
In base 15, what is 779dbb + -3?
779db8
In base 7, what is -11446 + 26246?
14500
In base 11, what is 8564 + -78?
8497
In base 3, what is -100020201010 - -22112?
-100020101121
In base 12, what is -2937 - 41a8?
-6b23
In base 3, what is 1010 + -11220001202?
-11220000122
In base 12, what is -2 + -29997536?
-29997538
In base 9, what is 106211 + -6640?
88461
In base 12, what is -a2a166 - 1?
-a2a167
In base 13, what is -21 - 1129a7?
-1129c8
In base 10, what is -82169696 + -3?
-82169699
In base 9, what is -28421 - -28?
-28382
In base 7, what is 11504252 - -10?
11504262
In base 12, what is 2 + -178a1b6?
-178a1b4
In base 10, what is -87 - 79216?
-79303
In base 12, what is -b - 362213?
-362222
In base 5, what is -3 + 313204130?
313204122
In base 2, what is 100011 + 100001000100001010?
100001000100101101
In base 6, what is -1 + 2501450112?
2501450111
In base 3, what is 12121212122120 - 2101?
12121212120012
In base 14, what is 125162 + 5d5?
125757
In base 8, what is -10 - -20573530?
20573520
In base 11, what is 936a9 - -34?
93732
In base 16, what is -18906d -